ens digit of d?
1
What is the units digit of (-235)/(-25) + 4/(-10)?
9
Let z(h) = -h**3 - 6*h**2 + 5*h - 1. Let b(y) = y**3 + 7*y**2 - 5*y + 2. Let j(a) = -3*b(a) - 4*z(a). What is the units digit of j(-3)?
3
Let d be 1/(2/(-2)) - -3. Suppose t - 5*s = -19, 0 = 3*t - s - d + 3. What is the units digit of t?
1
Suppose -z + 15 = 4*z. Suppose -z*d + 5*a = d + 117, -d - 4*a = 24. Let u = -17 - d. What is the tens digit of u?
1
What is the units digit of (-26)/(-65) + (-1014)/(-15)?
8
Let v(m) = m**2 - 6*m - 3. What is the units digit of v(9)?
4
Suppose -f - 5*k + 3 = -6, -2*f = 4*k. Let n = -2 - f. What is the units digit of n?
4
Suppose -7*p + 2*p = -300. Suppose 5*x + 2*r - 79 = 0, p = 3*x + 2*r - 5*r. What is the units digit of x?
7
Suppose -2*q - 10 = -3*q. Suppose i - q = -i. What is the units digit of i?
5
Suppose -5*j + j - 4*c + 16 = 0, -2*j + 2*c = -12. Let z = 12 + j. Let a = z - 11. What is the units digit of a?
6
Let v be 275/7 + (-2)/7. Suppose -7*z + v = -2*z + 2*b, 3*z + 3*b - 27 = 0. What is the units digit of z?
7
Let p(z) = -z**2 + 27*z - 2. What is the units digit of p(12)?
8
Suppose 0 = -t - 5*w - 8, -t - 5*w - 2 = 3*t. Let h be (6/9)/(t/6). Suppose 0 = h*z - 2*c - 20, 0*z + 2*z + 4*c = 2. What is the units digit of z?
7
Let b(g) = g**2 - g - 1. Let r be b(0). Let x = 4 + r. Suppose -x = -2*m + 7. What is the units digit of m?
5
Let i be (1 - (1 - 0)) + 33. Suppose 2*t - 2*h = -0*h - 18, -2*t - i = -5*h. What is the units digit of 4/(-3)*18/t?
6
What is the hundreds digit of 4*31 + -1 + 1?
1
Let u = 32 + -4. What is the tens digit of u/(-14) - (-70)/2?
3
Let d = 2 + -1. Let n = 2 + d. Suppose -4*b = 5*t - 36, 2*t = -n*t - b + 39. What is the units digit of t?
8
Suppose 0 = 4*t + 2*t - 330. What is the tens digit of t?
5
Let m be (1 + (-1)/(-3))*30. Suppose n + 2*k = m - 11, 0 = -2*k + 10. What is the tens digit of n?
1
Suppose 0 = -3*c - 1 + 7. Let n = 13 - c. What is the tens digit of n?
1
Suppose 5*d = 5*r + 170, -3*r - 137 = -2*d - 2*d. What is the tens digit of d?
3
Let q = 114 - 52. Suppose w = -5*i + 96, 4*i + 5*w = i + q. What is the tens digit of i?
1
Let a = 16 - 9. Suppose t = -1 + a. What is the units digit of t?
6
Let a be ((-30)/(-35))/((-2)/84). What is the tens digit of (-6)/a + (-154)/(-12)?
1
Let w = 8 + -5. Suppose -2*j + w*j = 3. What is the units digit of j?
3
Suppose 0 = -4*x + 2*x. Let k(q) = -2*q - 4 - 2 + x. What is the units digit of k(-6)?
6
Suppose -5 + 0 = -5*z. Let n be 2 + -2 + (-5 - z). Let g = n + 10. What is the units digit of g?
4
Let b = -67 - -101. Suppose -20 + 0 = p. Let f = b + p. What is the units digit of f?
4
Let t(c) = -39*c + 1. Let u be t(-1). Let x = 61 - u. What is the tens digit of x?
2
Let o(t) = 9*t + 7. What is the tens digit of o(3)?
3
Suppose -4*x + 6 = -x. Suppose x*m = -r + 171, -5*r + 11 = -14. What is the units digit of (-8)/36 - m/(-9)?
9
Let t be 4/(-2)*(-15)/10. What is the units digit of (-13 + 1)*t/(-6)?
6
Let b = 153 + -80. What is the units digit of b?
3
Suppose 46 = 2*d - 56. What is the tens digit of d?
5
Let s be (1 - -2)*(-15)/(-9). Suppose 0*l = s*l - 50. What is the units digit of l?
0
What is the units digit of 9/(-4)*((-62)/6 - -5)?
2
Let i = 5 + -9. Let g = 14 + i. What is the tens digit of g?
1
What is the units digit of (-332)/(-6) - (-8)/12?
6
Let r(u) = 2*u**2 + 5*u - 4. Let y be r(4). Suppose 0*s + y = 2*s. What is the units digit of s?
4
What is the units digit of (-4)/14 + (-3498)/(-42)?
3
What is the units digit of -6*75/(-6) - 4?
1
Suppose -3*i = -2*y - 21, -4*y - 34 + 0 = 2*i. Let l = y - -11. What is the units digit of l?
2
Suppose -4*s + 50 = -18. What is the units digit of s?
7
Let j(k) = k**2 + 3*k - 7. Let q be j(-5). Let o(x) = -x**q + 4*x**2 - x - 3 + 2*x + 7*x. What is the tens digit of o(5)?
1
Let p(d) = 5*d + 23. What is the units digit of p(11)?
8
Let u = 9 + -5. Suppose 0 = 3*i - 3 + 18, -117 = -u*x + i. Suppose -3*p + x = -2*f, -5*p + 4*f = -p - 44. What is the units digit of p?
6
Let a = -34 + 67. What is the tens digit of a?
3
Let b = 295 - 154. What is the tens digit of b?
4
Suppose 6*p = 4*p + 114. What is the units digit of p?
7
Let s be 4/(-6) + (-7)/3. Let r = 1 - s. Suppose 0 = r*q - 10 - 10. What is the units digit of q?
5
Let u(x) = -49*x - 2. Suppose -11 = 3*o - 2*r, -3*r + 6 = 5*o - 1. What is the tens digit of u(o)?
4
Suppose -o + 4*o - 3*x = 21, x = -5*o + 5. What is the units digit of 1/((-3)/o - -2)?
2
What is the units digit of 2/(-8) + (-3210)/(-40)?
0
Let c = -125 + 140. What is the tens digit of c?
1
Let c = 5 + -10. What is the units digit of -2*4/(8/c)?
5
Suppose i + 3*i = -12. Let b be (-3 + 9)/(i/2). What is the units digit of b/6*(-9)/6?
1
Suppose 11 = -4*h - 1. What is the units digit of h/5 + 130/50?
2
What is the units digit of -4 + 2 - (-39 - 1)?
8
Suppose -3*w + 8*w + 45 = 0. Let u(l) = -3*l - 9. What is the units digit of u(w)?
8
Let j(p) = p**3 + 10*p**2 + 8*p + 13. Suppose x = -4 - 5. What is the units digit of j(x)?
2
Let n be 76 + 4/(-6)*-3. Let v be (-1)/4 - n/8. What is the tens digit of v/3*3/(-1)?
1
Let l(p) = -p**2 + 13*p - 2. Let u be l(13). Let g(w) = -1 + 2*w**2 - 2*w - 2*w**2 - 2*w**3. What is the tens digit of g(u)?
1
Suppose 3*n - m - 6 = 0, -2*m = 3*n - 7*m - 6. Suppose -5*h + 34 = -4*r, 1 = -n*r - 1. What is the units digit of (-69)/(-9) + 2/h?
8
Let z(x) = -x**3 - x**2 + x - 1. Let r(q) = 7*q**3 - 7*q + 7. Let g(l) = -r(l) - 6*z(l). What is the tens digit of g(5)?
2
Suppose -1 = -5*t + 5*i + 39, -4*i = 5*t - 13. Suppose -t*k = -3*o + 7, -k + 2*k + 4*o - 17 = 0. What is the units digit of k?
1
Let k(h) be the first derivative of 2*h - 1/3*h**3 - 1 + h**2. What is the units digit of k(2)?
2
Let m = 10 - 3. Let l = 2 + -6. What is the units digit of l/(-6) - m/(-3)?
3
Let m(x) = x**3 + 5*x**2 - 5*x + 7. Let p be m(-5). Suppose -3*b - 11 = -p. What is the units digit of b?
7
Let z(a) = a + 9. Let c be z(-7). Let r be (-3)/6 + (-9)/c. What is the units digit of 12/r*(-20)/8?
6
What is the units digit of (-10)/(-35) + (1606/14)/1?
5
Suppose 13*u - 12 = 15*u. Let i(d) be the first derivative of d**3/3 + 3*d**2 + 7*d + 3. What is the units digit of i(u)?
7
Let g(h) = 7 - 8 + 14*h + 0*h**2 - h**2. What is the units digit of g(11)?
2
Let n(y) = 4*y - 16. Let z(o) = 5*o - 17. Let h(c) = -6*n(c) + 5*z(c). What is the units digit of h(-4)?
7
Let f(c) = -c + 1. Let g be f(-1). Suppose -d + g = -0*d. What is the units digit of d/12 + (-106)/(-12)?
9
Let m(y) = -4*y - 3. Let h be m(-4). Suppose n = 2*n - h. What is the tens digit of n?
1
Suppose k = -4*k. Let r be (5 + -8)/(-1 + k). Suppose -16 = -2*y + 5*t, 4*y + r*t - 58 = -0*y. What is the units digit of y?
3
Let g(o) = 13 + 0*o**2 + o**2 + 35. Let s be g(0). Suppose -3*q + 39 = -v, -3*q + s = 5*v - 3*v. What is the tens digit of q?
1
Let p(z) = -2*z + 2. Let f = -6 + -3. What is the units digit of p(f)?
0
Suppose f + 0*f - 62 = 0. Let z = f + -10. What is the units digit of z/6 + 2/(-3)?
8
Let o = 634 - 394. What is the hundreds digit of o?
2
Suppose 4*q - 16 = 0, 2*p = -5*q + 50 - 20. What is the units digit of p?
5
Suppose 0 = -7*n + 3*n. Suppose 0 = 5*k - n*k. Suppose -23 = -5*i + 2*q - q, -5*i + 5*q + 35 = k. What is the units digit of i?
4
Suppose -k - 4 = -2*k. Suppose -k*y + 4 = 0, -4*m - 5*y + 12 + 5 = 0. What is the units digit of m?
3
Let m(c) = -2*c + 3. What is the tens digit of m(-13)?
2
Suppose -54 = -n + 5*o, -2*o + 15 + 181 = 3*n. What is the units digit of n?
4
Let a be 2/(-1) - (2 - 7). Suppose 0 = 2*g + a*g - 40. What is the units digit of (-2)/g - 195/(-12)?
6
Suppose 280 = 4*z + 3*k, k = z - k - 81. What is the units digit of z?
3
Let f(v) = 5*v**3 - 8*v**2 + 2*v + 7. Let q(i) = 11*i**3 - 16*i**2 + 3*i + 15. Let u(a) = 13*f(a) - 6*q(a). What is the tens digit of u(-9)?
1
Let v(d) be the third derivative of d**5/60 + d**4/3 - d**3/2 + 5*d**2. What is the units digit of v(-10)?
7
Suppose -31 = u - 193. What is the hundreds digit of u?
1
Suppose 3*h + h + l + 6 = 0, -l = 2*h + 2. What is the tens digit of 40 + h + -4 + 2?
3
Suppose -3*l = 5*n - 54, 0 = n - 0*l - 3*l. Suppose n = s - 30. Suppose 0 = 3*m - 4*i - s, -m - 3*i + 13 = -8*i. What is the tens digit of m?
1
Suppose a - 33 - 7 = 0. Suppose 2*u - 2 - 10 = -3*x, -4*u = 